4
What is the hundred thousands digit of 302876067?
8
What is the tens digit of 10192017?
1
What is the ten thousands digit of 483699146?
9
What is the hundreds digit of 25694990?
9
What is the hundred thousands digit of 104290535?
2
What is the ten millions digit of 94233119?
9
What is the hundreds digit of 4493361048?
0
What is the billions digit of 1783428211?
1
What is the millions digit of 667829533?
7
What is the tens digit of 10004600?
0
What is the tens digit of 699190449?
4
What is the thousands digit of 329845446?
5
What is the ten thousands digit of 294145198?
4
What is the millions digit of 971457330?
1
What is the millions digit of 1896924689?
6
What is the thousands digit of 66981518?
1
What is the hundred thousands digit of 359718509?
7
What is the millions digit of 23361985?
3
What is the ten thousands digit of 813870043?
7
What is the ten millions digit of 13706373?
1
What is the ten thousands digit of 1087021899?
2
What is the thousands digit of 5537666802?
6
What is the hundreds digit of 47541880?
8
What is the ten thousands digit of 7480675?
8
What is the hundred thousands digit of 2756146479?
1
What is the ten thousands digit of 699938693?
3
What is the hundred thousands digit of 3917830975?
8
What is the millions digit of 1057393522?
7
What is the thousands digit of 316260049?
0
What is the ten millions digit of 654915796?
5
What is the billions digit of 2274393414?
2
What is the tens digit of 416128662?
6
What is the thousands digit of 79204787?
4
What is the hundred thousands digit of 253715894?
7
What is the units digit of 47335561?
1
What is the millions digit of 273521069?
3
What is the units digit of 2529182913?
3
What is the units digit of 2101642?
2
What is the ten millions digit of 17171231?
1
What is the thousands digit of 150245158?
5
What is the tens digit of 600199152?
5
What is the ten millions digit of 285608227?
8
What is the thousands digit of 32902476?
2
What is the hundred thousands digit of 4278282316?
2
What is the ten thousands digit of 2124942530?
4
What is the ten thousands digit of 2412568960?
6
What is the hundred thousands digit of 176659303?
6
What is the tens digit of 52412221?
2
What is the millions digit of 644739558?
4
What is the thousands digit of 2930955?
0
What is the units digit of 3496454752?
2
What is the hundreds digit of 1642422105?
1
What is the hundred thousands digit of 442412313?
4
What is the thousands digit of 322481425?
1
What is the thousands digit of 4339158532?
8
What is the units digit of 322794072?
2
What is the tens digit of 2955738133?
3
What is the ten thousands digit of 26625628?
2
What is the tens digit of 66102938?
3
What is the units digit of 53789800?
0
What is the thousands digit of 78712331?
2
What is the hundred thousands digit of 5397656537?
6
What is the units digit of 29062527?
7
What is the thousands digit of 16230973?
0
What is the hundred millions digit of 164567756?
1
What is the billions digit of 1185951869?
1
What is the units digit of 1161668360?
0
What is the hundreds digit of 753039069?
0
What is the thousands digit of 77017880?
7
What is the thousands digit of 2506458197?
8
What is the thousands digit of 45100394?
0
What is the tens digit of 144045742?
4
What is the ten millions digit of 27916213?
2
What is the hundred thousands digit of 5958280060?
2
What is the hundreds digit of 286954466?
4
What is the hundred thousands digit of 141333007?
3
What is the billions digit of 2456485207?
2
What is the tens digit of 52788329?
2
What is the tens digit of 161809586?
8
What is the millions digit of 20822657?
0
What is the tens digit of 1099224152?
5
What is the ten millions digit of 128891022?
2
What is the hundred thousands digit of 101075870?
0
What is the ten thousands digit of 1127806874?
0
What is the tens digit of 14215670?
7
What is the millions digit of 82375167?
2
What is the ten thousands digit of 113664609?
6
What is the tens digit of 93551571?
7
What is the hundred thousands digit of 464353884?
3
What is the hundred millions digit of 189676623?
1
What is the millions digit of 598997253?
8
What is the hundreds digit of 56783046?
0
What is the hundred thousands digit of 3903708594?
7
What is the hundred thousands digit of 161060113?
0
What is the units digit of 689523090?
0
What is the hundred thousands digit of 456218412?
2
What is the billions digit of 2005335901?
2
What is the millions digit of 2795229229?
5
What is the ten millions digit of 955348518?
5
What is the hundred thousands digit of 821130754?
1
What is the tens digit of 1917655462?
6
What is the hundreds digit of 759000198?
1
What is the tens digit of 89007888?
8
What is the hundreds digit of 7767031207?
2
What is the ten thousands digit of 74416201?
1
What is the ten millions digit of 839460636?
3
What is the ten millions digit of 93061109?
9
What is the ten thousands digit of 104013640?
1
What is the hundred millions digit of 588307355?
5
What is the thousands digit of 307940364?
0
What is the units digit of 225163337?
7
What is the hundreds digit of 207581821?
8
What is the tens digit of 171294452?
5
What is the hundreds digit of 1266634596?
5
What is the thousands digit of 569457272?
7
What is the hundred thousands digit of 3685743160?
7
What is the hundreds digit of 233693602?
6
What is the ten millions digit of 200631964?
0
What is the billions digit of 3235548641?
3
What is the hundred thousands digit of 515891282?
8
What is the hundred millions digit of 470209630?
4
What is the hundred millions digit of 256723792?
2
What is the units digit of 3553050880?
0
What is the millions digit of 254433470?
4
What is the hundred thousands digit of 15874726?
8
What is the units digit of 565946694?
4
What is the ten thousands digit of 269902693?
0
What is the ten millions digit of 294920755?
9
What is the hundred millions digit of 1266157972?
2
What is the hundred thousands digit of 13303330?
3
What is the units digit of 2383286598?
8
What is the millions digit of 611972429?
1
What is the units digit of 160077645?
5
What is the tens digit of 2712236358?
5
What is the tens digit of 1684201811?
1
What is the hundreds digit of 844304996?
9
What is the tens digit of 1574698943?
4
What is the hundred thousands digit of 30898472?
8
What is the units digit of 643570322?
2
What is the ten millions digit of 130193887?
3
What is the thousands digit of 53627709?
7
What is the millions digit of 1271654585?
1
What is the thousands digit of 1180805?
0
What is the thousands digit of 149351062?
1
What is the ten thousands digit of 1235803967?
0
What is the millions digit of 19097980?
9
What is the millions digit of 555273768?
5
What is the units digit of 34733039?
9
What is the tens digit of 634848993?
9
What is the thousands digit of 675035494?
5
What is the millions digit of 272258265?
2
What is the hundred thousands digit of 1425704844?
7
What is the thousands digit of 52763557?
3
What is the billions digit of 4524648270?
4
What is the units digit of 693888216?
6
What is the hundreds digit of 60036852?
8
What is the units digit of 433972849?
9
What is the ten millions digit of 4233332044?
3
What is the tens digit of 11038317?
1
What is the millions digit of 1530833014?
0
What is the millions digit of 183553824?
3
What is the thousands digit of 359376490?
6
What is the ten millions digit of 130270102?
3
What is the hundreds digit of 377492534?
5
What is the thousands digit of 2982417548?
7
What is the units digit of 875888175?
5
What is the units digit of 183614588?
8
What is the ten millions digit of 381570567?
8
What is the tens digit of 363354209?
0
What is the ten thousands digit of 163362588?
6
What is the millions digit of 4275078595?
5
What is the units digit of 246279689?
9
What is the hundreds digit of 453363493?
4
What is the hundred millions digit of 225509506?
2
What is the units digit of 49284154?
4
What is the millions digit of 2441864140?
1
What is the millions digit of 36057295?
6
What is the ten millions digit of 96846274?
9
What is the units digit of 5799931?
1
What is the hundred millions digit of 538685036?
5
What is the millions digit of 1183966975?
3
What is the tens digit of 1164775730?
3
What is the thousands digit of 2423383663?
3
What is the units digit of 9325463?
3